{"id":96,"date":"2025-04-01T16:56:09","date_gmt":"2025-04-01T16:56:09","guid":{"rendered":"http:\/\/localhost\/mywordpress2\/?page_id=96"},"modified":"2026-01-28T19:37:53","modified_gmt":"2026-01-28T19:37:53","slug":"fahrzeuge","status":"publish","type":"page","link":"https:\/\/ff-prebensdorf.at\/index.php\/fahrzeuge\/","title":{"rendered":"Fahrzeuge"},"content":{"rendered":"\n<div class=\"wp-block-columns is-layout-flex wp-container-core-columns-is-layout-28f84493 wp-block-columns-is-layout-flex\">\n<div class=\"wp-block-column is-layout-flow wp-block-column-is-layout-flow\">\n<figure class=\"wp-block-image aligncenter size-full is-resized\"><img loading=\"lazy\" decoding=\"async\" width=\"580\" height=\"435\" src=\"https:\/\/ff-prebensdorf.at\/wp-content\/uploads\/2025\/04\/IMG_0899.jpg\" alt=\"\" class=\"wp-image-97\" style=\"width:283px;height:auto\"\/><\/figure>\n\n\n\n<p class=\"has-text-align-center has-large-font-size\" style=\"margin-top:var(--wp--preset--spacing--40);margin-bottom:var(--wp--preset--spacing--40)\"><strong>KLFA<\/strong><\/p>\n\n\n\n<p class=\"has-text-align-center\" style=\"margin-top:0;margin-bottom:0\">Kleinl\u00f6schfahrzeug<\/p>\n\n\n\n<p class=\"has-text-align-center\" style=\"margin-top:0;margin-bottom:0\">Iveco Daily 65c18<\/p>\n\n\n\n<p class=\"has-text-align-center\" style=\"margin-top:0;margin-bottom:0\">BJ: 2008<\/p>\n\n\n\n<p class=\"has-text-align-center\" style=\"margin-top:0;margin-bottom:0\">Leistung: 130KW<\/p>\n<\/div>\n\n\n\n<div class=\"wp-block-column is-layout-flow wp-block-column-is-layout-flow\">\n<figure class=\"wp-block-image size-full\"><img loading=\"lazy\" decoding=\"async\" width=\"6000\" height=\"4000\" src=\"https:\/\/ff-prebensdorf.at\/wp-content\/uploads\/2025\/04\/dsc8655.jpg\" alt=\"\" class=\"wp-image-98\"\/><\/figure>\n\n\n\n<p class=\"has-text-align-center has-large-font-size\" style=\"margin-top:var(--wp--preset--spacing--40);margin-bottom:var(--wp--preset--spacing--40)\"><strong>HLFA<\/strong><\/p>\n\n\n\n<p style=\"margin-top:0;margin-bottom:0\">Hilfsl\u00f6schfahrzeug mit 2000l L\u00f6schwassertank<\/p>\n\n\n\n<p style=\"margin-top:0;margin-bottom:0\">Mercedes Atego<\/p>\n\n\n\n<p style=\"margin-top:0;margin-bottom:0\">BJ: 2019<\/p>\n\n\n\n<p style=\"margin-top:0;margin-bottom:0\">Leistung: 220KW<\/p>\n<\/div>\n\n\n\n<div class=\"wp-block-column is-layout-flow wp-block-column-is-layout-flow\">\n<figure class=\"wp-block-image size-full\"><img loading=\"lazy\" decoding=\"async\" width=\"600\" height=\"400\" src=\"https:\/\/ff-prebensdorf.at\/wp-content\/uploads\/2025\/04\/IMG_1764.jpg\" alt=\"\" class=\"wp-image-99\"\/><\/figure>\n\n\n\n<p class=\"has-text-align-center has-large-font-size\" style=\"margin-top:var(--wp--preset--spacing--40);margin-bottom:var(--wp--preset--spacing--40)\"><strong>MTFA<\/strong><\/p>\n\n\n\n<p style=\"margin-top:0;margin-bottom:0\">Mannschaftstransportfahrzeug<\/p>\n\n\n\n<p style=\"margin-top:0;margin-bottom:0\">VW T5<\/p>\n\n\n\n<p style=\"margin-top:0;margin-bottom:0\">BJ: 2015<\/p>\n\n\n\n<p style=\"margin-top:0;margin-bottom:0\">Leistung: 103KW<\/p>\n<\/div>\n<\/div>\n\n\n\n<p><\/p>\n","protected":false},"excerpt":{"rendered":"<p>KLFA Kleinl\u00f6schfahrzeug Iveco Daily 65c18 BJ: 2008 Leistung: 130KW HLFA Hilfsl\u00f6schfahrzeug mit 2000l L\u00f6schwassertank Mercedes Atego BJ: 2019 Leistung: 220KW MTFA Mannschaftstransportfahrzeug VW T5 BJ: 2015 Leistung: 103KW<\/p>\n","protected":false},"author":1,"featured_media":0,"parent":0,"menu_order":0,"comment_status":"closed","ping_status":"closed","template":"","meta":{"footnotes":""},"class_list":["post-96","page","type-page","status-publish","hentry"],"_links":{"self":[{"href":"https:\/\/ff-prebensdorf.at\/index.php\/wp-json\/wp\/v2\/pages\/96","targetHints":{"allow":["GET"]}}],"collection":[{"href":"https:\/\/ff-prebensdorf.at\/index.php\/wp-json\/wp\/v2\/pages"}],"about":[{"href":"https:\/\/ff-prebensdorf.at\/index.php\/wp-json\/wp\/v2\/types\/page"}],"author":[{"embeddable":true,"href":"https:\/\/ff-prebensdorf.at\/index.php\/wp-json\/wp\/v2\/users\/1"}],"replies":[{"embeddable":true,"href":"https:\/\/ff-prebensdorf.at\/index.php\/wp-json\/wp\/v2\/comments?post=96"}],"version-history":[{"count":4,"href":"https:\/\/ff-prebensdorf.at\/index.php\/wp-json\/wp\/v2\/pages\/96\/revisions"}],"predecessor-version":[{"id":626,"href":"https:\/\/ff-prebensdorf.at\/index.php\/wp-json\/wp\/v2\/pages\/96\/revisions\/626"}],"wp:attachment":[{"href":"https:\/\/ff-prebensdorf.at\/index.php\/wp-json\/wp\/v2\/media?parent=96"}],"curies":[{"name":"wp","href":"https:\/\/api.w.org\/{rel}","templated":true}]}}

<div class="wp-block-columns is-layout-flex wp-container-core-columns-is-layout-28f84493 wp-block-columns-is-layout-flex">
<div class="wp-block-column is-layout-flow wp-block-column-is-layout-flow">
<figure class="wp-block-image aligncenter size-full is-resized"><img loading="lazy" decoding="async" width="580" height="435" src="https://ff-prebensdorf.at/wp-content/uploads/2025/04/IMG_0899.jpg" alt="" class="wp-image-97" style="width:283px;height:auto"/></figure>



<p class="has-text-align-center has-large-font-size" style="margin-top:var(--wp--preset--spacing--40);margin-bottom:var(--wp--preset--spacing--40)"><strong>KLFA</strong></p>



<p class="has-text-align-center" style="margin-top:0;margin-bottom:0">Kleinlöschfahrzeug</p>



<p class="has-text-align-center" style="margin-top:0;margin-bottom:0">Iveco Daily 65c18</p>



<p class="has-text-align-center" style="margin-top:0;margin-bottom:0">BJ: 2008</p>



<p class="has-text-align-center" style="margin-top:0;margin-bottom:0">Leistung: 130KW</p>
</div>



<div class="wp-block-column is-layout-flow wp-block-column-is-layout-flow">
<figure class="wp-block-image size-full"><img loading="lazy" decoding="async" width="6000" height="4000" src="https://ff-prebensdorf.at/wp-content/uploads/2025/04/dsc8655.jpg" alt="" class="wp-image-98"/></figure>



<p class="has-text-align-center has-large-font-size" style="margin-top:var(--wp--preset--spacing--40);margin-bottom:var(--wp--preset--spacing--40)"><strong>HLFA</strong></p>



<p style="margin-top:0;margin-bottom:0">Hilfslöschfahrzeug mit 2000l Löschwassertank</p>



<p style="margin-top:0;margin-bottom:0">Mercedes Atego</p>



<p style="margin-top:0;margin-bottom:0">BJ: 2019</p>



<p style="margin-top:0;margin-bottom:0">Leistung: 220KW</p>
</div>



<div class="wp-block-column is-layout-flow wp-block-column-is-layout-flow">
<figure class="wp-block-image size-full"><img loading="lazy" decoding="async" width="600" height="400" src="https://ff-prebensdorf.at/wp-content/uploads/2025/04/IMG_1764.jpg" alt="" class="wp-image-99"/></figure>



<p class="has-text-align-center has-large-font-size" style="margin-top:var(--wp--preset--spacing--40);margin-bottom:var(--wp--preset--spacing--40)"><strong>MTFA</strong></p>



<p style="margin-top:0;margin-bottom:0">Mannschaftstransportfahrzeug</p>



<p style="margin-top:0;margin-bottom:0">VW T5</p>



<p style="margin-top:0;margin-bottom:0">BJ: 2015</p>



<p style="margin-top:0;margin-bottom:0">Leistung: 103KW</p>
</div>
</div>



<p></p>

<p>KLFA Kleinlöschfahrzeug Iveco Daily 65c18 BJ: 2008 Leistung: 130KW HLFA Hilfslöschfahrzeug mit 2000l Löschwassertank Mercedes Atego BJ: 2019 Leistung: 220KW MTFA Mannschaftstransportfahrzeug VW T5 BJ: 2015 Leistung: 103KW</p>
