{"id":572,"date":"2025-11-17T17:45:35","date_gmt":"2025-11-17T17:45:35","guid":{"rendered":"https:\/\/ff-prebensdorf.at\/?page_id=572"},"modified":"2025-11-17T18:14:23","modified_gmt":"2025-11-17T18:14:23","slug":"einsaetze","status":"publish","type":"page","link":"https:\/\/ff-prebensdorf.at\/index.php\/einsaetze\/","title":{"rendered":"Eins\u00e4tze"},"content":{"rendered":"\n<div class=\"wp-block-group latest-news has-global-padding is-content-justification-center is-layout-constrained wp-container-core-group-is-layout-955700e1 wp-block-group-is-layout-constrained\" style=\"margin-top:0;margin-bottom:0;padding-top:0;padding-right:0;padding-bottom:0;padding-left:0\">\n<div class=\"wp-block-group latest-header-box has-global-padding is-layout-constrained wp-container-core-group-is-layout-5c53b157 wp-block-group-is-layout-constrained\" style=\"margin-top:0;margin-bottom:0;padding-top:0;padding-right:0;padding-bottom:0;padding-left:0\">\n<h2 class=\"wp-block-heading has-text-align-center\" style=\"margin-top:var(--wp--preset--spacing--20);margin-bottom:0;font-size:30px;font-style:normal;font-weight:1000\"><\/h2>\n\n\n\n<div class=\"wp-block-query is-layout-flow wp-block-query-is-layout-flow\"><ul class=\"columns-2 wow slideInUp wp-block-post-template is-layout-grid wp-container-core-post-template-is-layout-dd7cd1d4 wp-block-post-template-is-layout-grid\"><li class=\"wp-block-post post-702 post type-post status-publish format-standard has-post-thumbnail hentry category-einsatz category-uncategorized\">\n\n<div class=\"wp-block-columns blog-cols is-layout-flex wp-container-core-columns-is-layout-9c22b1e3 wp-block-columns-is-layout-flex\">\n<div class=\"wp-block-column blog-col-1 is-layout-flow wp-block-column-is-layout-flow\" style=\"flex-basis:30%\">\n<div class=\"wp-block-cover\" style=\"min-height:300px;aspect-ratio:unset;\"><span aria-hidden=\"true\" class=\"wp-block-cover__background has-foreground-background-color has-background-dim-10 has-background-dim\"><\/span><img loading=\"lazy\" decoding=\"async\" width=\"1600\" height=\"1200\" src=\"https:\/\/ff-prebensdorf.at\/wp-content\/uploads\/2026\/03\/1e062c89-053d-435b-8a5f-f594f5ab4996.jpeg\" class=\"wp-block-cover__image-background wp-post-image\" alt=\"\" data-object-fit=\"cover\" srcset=\"https:\/\/ff-prebensdorf.at\/wp-content\/uploads\/2026\/03\/1e062c89-053d-435b-8a5f-f594f5ab4996.jpeg 1600w, https:\/\/ff-prebensdorf.at\/wp-content\/uploads\/2026\/03\/1e062c89-053d-435b-8a5f-f594f5ab4996-300x225.jpeg 300w, https:\/\/ff-prebensdorf.at\/wp-content\/uploads\/2026\/03\/1e062c89-053d-435b-8a5f-f594f5ab4996-1024x768.jpeg 1024w, https:\/\/ff-prebensdorf.at\/wp-content\/uploads\/2026\/03\/1e062c89-053d-435b-8a5f-f594f5ab4996-768x576.jpeg 768w, https:\/\/ff-prebensdorf.at\/wp-content\/uploads\/2026\/03\/1e062c89-053d-435b-8a5f-f594f5ab4996-1536x1152.jpeg 1536w\" sizes=\"auto, (max-width: 1600px) 100vw, 1600px\" \/><div class=\"wp-block-cover__inner-container is-layout-flow wp-block-cover-is-layout-flow\">\n<p class=\"has-text-align-center has-large-font-size\"><\/p>\n<\/div><\/div>\n<\/div>\n\n\n\n<div class=\"wp-block-column blog-col-2 is-layout-flow wp-block-column-is-layout-flow\" style=\"flex-basis:70%\">\n<div class=\"wp-block-group blog-col-2-inner is-layout-flow wp-block-group-is-layout-flow\" style=\"padding-top:var(--wp--preset--spacing--50);padding-right:var(--wp--preset--spacing--50);padding-bottom:var(--wp--preset--spacing--50);padding-left:var(--wp--preset--spacing--50)\"><h2 style=\"font-size:20px;font-style:normal;font-weight:700; padding-bottom:var(--wp--preset--spacing--20);margin-top:0;margin-bottom:0;\" class=\"wp-block-post-title\"><a href=\"https:\/\/ff-prebensdorf.at\/index.php\/2026\/03\/12\/schadstoff-einsatz-bei-der-klaeranlage-ilztal\/\" target=\"_self\" >Schadstoff-Einsatz bei der Kl\u00e4ranlage Ilztal<\/a><\/h2>\n\n<div style=\"font-size:14px; margin-top:0;margin-bottom:var(--wp--preset--spacing--20);\" class=\"wp-block-post-excerpt\"><p class=\"wp-block-post-excerpt__excerpt\">Mittels stillem Alarm wurde wir heute um 7:47 Uhr zu einem Schadstoff-Einsatz gerufen.Es gelang ein Kraftstoff-\u00d6l-Gemisch in die Kl\u00e4ranlage und das Kanalsystem. Unsere Aufgabe war das Setzen einer \u00d6lsperre im&hellip; <\/p><\/div><\/div>\n<\/div>\n<\/div>\n\n<\/li><li class=\"wp-block-post post-647 post type-post status-publish format-standard has-post-thumbnail hentry category-einsatz\">\n\n<div class=\"wp-block-columns blog-cols is-layout-flex wp-container-core-columns-is-layout-9c22b1e3 wp-block-columns-is-layout-flex\">\n<div class=\"wp-block-column blog-col-1 is-layout-flow wp-block-column-is-layout-flow\" style=\"flex-basis:30%\">\n<div class=\"wp-block-cover\" style=\"min-height:300px;aspect-ratio:unset;\"><span aria-hidden=\"true\" class=\"wp-block-cover__background has-foreground-background-color has-background-dim-10 has-background-dim\"><\/span><img loading=\"lazy\" decoding=\"async\" width=\"1536\" height=\"2040\" src=\"https:\/\/ff-prebensdorf.at\/wp-content\/uploads\/2026\/02\/20260220_103908000_iOS.jpg\" class=\"wp-block-cover__image-background wp-post-image\" alt=\"\" data-object-fit=\"cover\" srcset=\"https:\/\/ff-prebensdorf.at\/wp-content\/uploads\/2026\/02\/20260220_103908000_iOS.jpg 1536w, https:\/\/ff-prebensdorf.at\/wp-content\/uploads\/2026\/02\/20260220_103908000_iOS-226x300.jpg 226w, https:\/\/ff-prebensdorf.at\/wp-content\/uploads\/2026\/02\/20260220_103908000_iOS-771x1024.jpg 771w, https:\/\/ff-prebensdorf.at\/wp-content\/uploads\/2026\/02\/20260220_103908000_iOS-768x1020.jpg 768w, https:\/\/ff-prebensdorf.at\/wp-content\/uploads\/2026\/02\/20260220_103908000_iOS-1157x1536.jpg 1157w\" sizes=\"auto, (max-width: 1536px) 100vw, 1536px\" \/><div class=\"wp-block-cover__inner-container is-layout-flow wp-block-cover-is-layout-flow\">\n<p class=\"has-text-align-center has-large-font-size\"><\/p>\n<\/div><\/div>\n<\/div>\n\n\n\n<div class=\"wp-block-column blog-col-2 is-layout-flow wp-block-column-is-layout-flow\" style=\"flex-basis:70%\">\n<div class=\"wp-block-group blog-col-2-inner is-layout-flow wp-block-group-is-layout-flow\" style=\"padding-top:var(--wp--preset--spacing--50);padding-right:var(--wp--preset--spacing--50);padding-bottom:var(--wp--preset--spacing--50);padding-left:var(--wp--preset--spacing--50)\"><h2 style=\"font-size:20px;font-style:normal;font-weight:700; padding-bottom:var(--wp--preset--spacing--20);margin-top:0;margin-bottom:0;\" class=\"wp-block-post-title\"><a href=\"https:\/\/ff-prebensdorf.at\/index.php\/2026\/02\/22\/mehrere-einsaetze-aufgrund-des-schneefalls\/\" target=\"_self\" >Mehrere Eins\u00e4tze aufgrund des Schneefalls<\/a><\/h2>\n\n<div style=\"font-size:14px; margin-top:0;margin-bottom:var(--wp--preset--spacing--20);\" class=\"wp-block-post-excerpt\"><p class=\"wp-block-post-excerpt__excerpt\">Heute wurden wir zu mehreren Eins\u00e4tzen alarmiert, die durch den starken Schneefall verursacht wurden. Auf der B54 mussten wir mehreren LKWs und PKWs Hilfeleistung geben, das sie aufgrund mangelnder Winterausr\u00fcstung&hellip; <\/p><\/div><\/div>\n<\/div>\n<\/div>\n\n<\/li><li class=\"wp-block-post post-611 post type-post status-publish format-standard has-post-thumbnail hentry category-einsatz category-uncategorized\">\n\n<div class=\"wp-block-columns blog-cols is-layout-flex wp-container-core-columns-is-layout-9c22b1e3 wp-block-columns-is-layout-flex\">\n<div class=\"wp-block-column blog-col-1 is-layout-flow wp-block-column-is-layout-flow\" style=\"flex-basis:30%\">\n<div class=\"wp-block-cover\" style=\"min-height:300px;aspect-ratio:unset;\"><span aria-hidden=\"true\" class=\"wp-block-cover__background has-foreground-background-color has-background-dim-10 has-background-dim\"><\/span><img loading=\"lazy\" decoding=\"async\" width=\"1536\" height=\"2040\" src=\"https:\/\/ff-prebensdorf.at\/wp-content\/uploads\/2026\/01\/20251230_150052000_iOS-1.jpeg\" class=\"wp-block-cover__image-background wp-post-image\" alt=\"\" data-object-fit=\"cover\" srcset=\"https:\/\/ff-prebensdorf.at\/wp-content\/uploads\/2026\/01\/20251230_150052000_iOS-1.jpeg 1536w, https:\/\/ff-prebensdorf.at\/wp-content\/uploads\/2026\/01\/20251230_150052000_iOS-1-226x300.jpeg 226w, https:\/\/ff-prebensdorf.at\/wp-content\/uploads\/2026\/01\/20251230_150052000_iOS-1-771x1024.jpeg 771w, https:\/\/ff-prebensdorf.at\/wp-content\/uploads\/2026\/01\/20251230_150052000_iOS-1-768x1020.jpeg 768w, https:\/\/ff-prebensdorf.at\/wp-content\/uploads\/2026\/01\/20251230_150052000_iOS-1-1157x1536.jpeg 1157w\" sizes=\"auto, (max-width: 1536px) 100vw, 1536px\" \/><div class=\"wp-block-cover__inner-container is-layout-flow wp-block-cover-is-layout-flow\">\n<p class=\"has-text-align-center has-large-font-size\"><\/p>\n<\/div><\/div>\n<\/div>\n\n\n\n<div class=\"wp-block-column blog-col-2 is-layout-flow wp-block-column-is-layout-flow\" style=\"flex-basis:70%\">\n<div class=\"wp-block-group blog-col-2-inner is-layout-flow wp-block-group-is-layout-flow\" style=\"padding-top:var(--wp--preset--spacing--50);padding-right:var(--wp--preset--spacing--50);padding-bottom:var(--wp--preset--spacing--50);padding-left:var(--wp--preset--spacing--50)\"><h2 style=\"font-size:20px;font-style:normal;font-weight:700; padding-bottom:var(--wp--preset--spacing--20);margin-top:0;margin-bottom:0;\" class=\"wp-block-post-title\"><a href=\"https:\/\/ff-prebensdorf.at\/index.php\/2026\/01\/01\/b09-heckenbrand\/\" target=\"_self\" >B09 Heckenbrand<\/a><\/h2>\n\n<div style=\"font-size:14px; margin-top:0;margin-bottom:var(--wp--preset--spacing--20);\" class=\"wp-block-post-excerpt\"><p class=\"wp-block-post-excerpt__excerpt\">Am 30.12.2025 wurden wir um 15:22 Uhr zu einem Heckenbrand am Prebensdorfberg alarmiert. Bei unserem Eintreffen am Einsatzort stand die Hecke bereits im Vollbrand. Unter schwerem Atemschutz und mittels C-Rohr&hellip; <\/p><\/div><\/div>\n<\/div>\n<\/div>\n\n<\/li><li class=\"wp-block-post post-593 post type-post status-publish format-standard has-post-thumbnail hentry category-einsatz category-uncategorized\">\n\n<div class=\"wp-block-columns blog-cols is-layout-flex wp-container-core-columns-is-layout-9c22b1e3 wp-block-columns-is-layout-flex\">\n<div class=\"wp-block-column blog-col-1 is-layout-flow wp-block-column-is-layout-flow\" style=\"flex-basis:30%\">\n<div class=\"wp-block-cover\" style=\"min-height:300px;aspect-ratio:unset;\"><span aria-hidden=\"true\" class=\"wp-block-cover__background has-foreground-background-color has-background-dim-10 has-background-dim\"><\/span><img loading=\"lazy\" decoding=\"async\" width=\"785\" height=\"705\" src=\"https:\/\/ff-prebensdorf.at\/wp-content\/uploads\/2025\/07\/515415039_17996512886796034_5776722878186222848_n.jpg\" class=\"wp-block-cover__image-background wp-post-image\" alt=\"\" data-object-fit=\"cover\" srcset=\"https:\/\/ff-prebensdorf.at\/wp-content\/uploads\/2025\/07\/515415039_17996512886796034_5776722878186222848_n.jpg 785w, https:\/\/ff-prebensdorf.at\/wp-content\/uploads\/2025\/07\/515415039_17996512886796034_5776722878186222848_n-300x269.jpg 300w, https:\/\/ff-prebensdorf.at\/wp-content\/uploads\/2025\/07\/515415039_17996512886796034_5776722878186222848_n-768x690.jpg 768w\" sizes=\"auto, (max-width: 785px) 100vw, 785px\" \/><div class=\"wp-block-cover__inner-container is-layout-flow wp-block-cover-is-layout-flow\">\n<p class=\"has-text-align-center has-large-font-size\"><\/p>\n<\/div><\/div>\n<\/div>\n\n\n\n<div class=\"wp-block-column blog-col-2 is-layout-flow wp-block-column-is-layout-flow\" style=\"flex-basis:70%\">\n<div class=\"wp-block-group blog-col-2-inner is-layout-flow wp-block-group-is-layout-flow\" style=\"padding-top:var(--wp--preset--spacing--50);padding-right:var(--wp--preset--spacing--50);padding-bottom:var(--wp--preset--spacing--50);padding-left:var(--wp--preset--spacing--50)\"><h2 style=\"font-size:20px;font-style:normal;font-weight:700; padding-bottom:var(--wp--preset--spacing--20);margin-top:0;margin-bottom:0;\" class=\"wp-block-post-title\"><a href=\"https:\/\/ff-prebensdorf.at\/index.php\/2025\/11\/24\/b06-brandmeldealarm-3\/\" target=\"_self\" >\u2014 B06 Brandmeldealarm \u2014<\/a><\/h2>\n\n<div style=\"font-size:14px; margin-top:0;margin-bottom:var(--wp--preset--spacing--20);\" class=\"wp-block-post-excerpt\"><p class=\"wp-block-post-excerpt__excerpt\">Heute wurden wir um 6:48 Uhr zu einem Brandmeldealarm beim S\u00e4gewerk Pichler in Prebensdorf alarmiert.Nach Erkundung des Betriebsgel\u00e4ndes stellte sich heraus, dass es sich um einen T\u00e4uschungsalarm handelte, der durch&hellip; <\/p><\/div><\/div>\n<\/div>\n<\/div>\n\n<\/li><li class=\"wp-block-post post-582 post type-post status-publish format-standard has-post-thumbnail hentry category-einsatz category-uncategorized\">\n\n<div class=\"wp-block-columns blog-cols is-layout-flex wp-container-core-columns-is-layout-9c22b1e3 wp-block-columns-is-layout-flex\">\n<div class=\"wp-block-column blog-col-1 is-layout-flow wp-block-column-is-layout-flow\" style=\"flex-basis:30%\">\n<div class=\"wp-block-cover\" style=\"min-height:300px;aspect-ratio:unset;\"><span aria-hidden=\"true\" class=\"wp-block-cover__background has-foreground-background-color has-background-dim-10 has-background-dim\"><\/span><img loading=\"lazy\" decoding=\"async\" width=\"1920\" height=\"2560\" src=\"https:\/\/ff-prebensdorf.at\/wp-content\/uploads\/2025\/11\/20251118_220508437_iOS-scaled.jpg\" class=\"wp-block-cover__image-background wp-post-image\" alt=\"\" data-object-fit=\"cover\" srcset=\"https:\/\/ff-prebensdorf.at\/wp-content\/uploads\/2025\/11\/20251118_220508437_iOS-scaled.jpg 1920w, https:\/\/ff-prebensdorf.at\/wp-content\/uploads\/2025\/11\/20251118_220508437_iOS-225x300.jpg 225w, https:\/\/ff-prebensdorf.at\/wp-content\/uploads\/2025\/11\/20251118_220508437_iOS-768x1024.jpg 768w, https:\/\/ff-prebensdorf.at\/wp-content\/uploads\/2025\/11\/20251118_220508437_iOS-1152x1536.jpg 1152w, https:\/\/ff-prebensdorf.at\/wp-content\/uploads\/2025\/11\/20251118_220508437_iOS-1536x2048.jpg 1536w\" sizes=\"auto, (max-width: 1920px) 100vw, 1920px\" \/><div class=\"wp-block-cover__inner-container is-layout-flow wp-block-cover-is-layout-flow\">\n<p class=\"has-text-align-center has-large-font-size\"><\/p>\n<\/div><\/div>\n<\/div>\n\n\n\n<div class=\"wp-block-column blog-col-2 is-layout-flow wp-block-column-is-layout-flow\" style=\"flex-basis:70%\">\n<div class=\"wp-block-group blog-col-2-inner is-layout-flow wp-block-group-is-layout-flow\" style=\"padding-top:var(--wp--preset--spacing--50);padding-right:var(--wp--preset--spacing--50);padding-bottom:var(--wp--preset--spacing--50);padding-left:var(--wp--preset--spacing--50)\"><h2 style=\"font-size:20px;font-style:normal;font-weight:700; padding-bottom:var(--wp--preset--spacing--20);margin-top:0;margin-bottom:0;\" class=\"wp-block-post-title\"><a href=\"https:\/\/ff-prebensdorf.at\/index.php\/2025\/11\/19\/t11-menschenrettung\/\" target=\"_self\" >T11 Menschenrettung<\/a><\/h2>\n\n<div style=\"font-size:14px; margin-top:0;margin-bottom:var(--wp--preset--spacing--20);\" class=\"wp-block-post-excerpt\"><p class=\"wp-block-post-excerpt__excerpt\">Am 18.11.2025 um 22:51 Uhr wurden wir zu einer Menschenrettung am Prebensdorfberg alarmiert. Eine Person war unter einem PKW eingeklemmt. Unsere Aufgabe war es, den PKW zu sichern und die&hellip; <\/p><\/div><\/div>\n<\/div>\n<\/div>\n\n<\/li><li class=\"wp-block-post post-521 post type-post status-publish format-standard has-post-thumbnail hentry category-einsatz category-uncategorized\">\n\n<div class=\"wp-block-columns blog-cols is-layout-flex wp-container-core-columns-is-layout-9c22b1e3 wp-block-columns-is-layout-flex\">\n<div class=\"wp-block-column blog-col-1 is-layout-flow wp-block-column-is-layout-flow\" style=\"flex-basis:30%\">\n<div class=\"wp-block-cover\" style=\"min-height:300px;aspect-ratio:unset;\"><span aria-hidden=\"true\" class=\"wp-block-cover__background has-foreground-background-color has-background-dim-10 has-background-dim\"><\/span><img loading=\"lazy\" decoding=\"async\" width=\"785\" height=\"705\" src=\"https:\/\/ff-prebensdorf.at\/wp-content\/uploads\/2025\/07\/515415039_17996512886796034_5776722878186222848_n.jpg\" class=\"wp-block-cover__image-background wp-post-image\" alt=\"\" data-object-fit=\"cover\" srcset=\"https:\/\/ff-prebensdorf.at\/wp-content\/uploads\/2025\/07\/515415039_17996512886796034_5776722878186222848_n.jpg 785w, https:\/\/ff-prebensdorf.at\/wp-content\/uploads\/2025\/07\/515415039_17996512886796034_5776722878186222848_n-300x269.jpg 300w, https:\/\/ff-prebensdorf.at\/wp-content\/uploads\/2025\/07\/515415039_17996512886796034_5776722878186222848_n-768x690.jpg 768w\" sizes=\"auto, (max-width: 785px) 100vw, 785px\" \/><div class=\"wp-block-cover__inner-container is-layout-flow wp-block-cover-is-layout-flow\">\n<p class=\"has-text-align-center has-large-font-size\"><\/p>\n<\/div><\/div>\n<\/div>\n\n\n\n<div class=\"wp-block-column blog-col-2 is-layout-flow wp-block-column-is-layout-flow\" style=\"flex-basis:70%\">\n<div class=\"wp-block-group blog-col-2-inner is-layout-flow wp-block-group-is-layout-flow\" style=\"padding-top:var(--wp--preset--spacing--50);padding-right:var(--wp--preset--spacing--50);padding-bottom:var(--wp--preset--spacing--50);padding-left:var(--wp--preset--spacing--50)\"><h2 style=\"font-size:20px;font-style:normal;font-weight:700; padding-bottom:var(--wp--preset--spacing--20);margin-top:0;margin-bottom:0;\" class=\"wp-block-post-title\"><a href=\"https:\/\/ff-prebensdorf.at\/index.php\/2025\/10\/06\/b06-brandmeldealarm-2\/\" target=\"_self\" >B06 Brandmeldealarm<\/a><\/h2>\n\n<div style=\"font-size:14px; margin-top:0;margin-bottom:var(--wp--preset--spacing--20);\" class=\"wp-block-post-excerpt\"><p class=\"wp-block-post-excerpt__excerpt\">Am 06.10.2025 um 16:00 Uhr wurde beim S\u00e4gewerk Pichler in Prebensdorf ein Brandmeldealarm ausgel\u00f6st. Nach Erkundung des Einsatzortes konnte ein T\u00e4uschungsalarm festgestellt werden, der durch das Steckenbleiben eines Holzst\u00fcckes in&hellip; <\/p><\/div><\/div>\n<\/div>\n<\/div>\n\n<\/li><li class=\"wp-block-post post-512 post type-post status-publish format-standard has-post-thumbnail hentry category-einsatz category-uncategorized\">\n\n<div class=\"wp-block-columns blog-cols is-layout-flex wp-container-core-columns-is-layout-9c22b1e3 wp-block-columns-is-layout-flex\">\n<div class=\"wp-block-column blog-col-1 is-layout-flow wp-block-column-is-layout-flow\" style=\"flex-basis:30%\">\n<div class=\"wp-block-cover\" style=\"min-height:300px;aspect-ratio:unset;\"><span aria-hidden=\"true\" class=\"wp-block-cover__background has-foreground-background-color has-background-dim-10 has-background-dim\"><\/span><img loading=\"lazy\" decoding=\"async\" width=\"1920\" height=\"2560\" src=\"https:\/\/ff-prebensdorf.at\/wp-content\/uploads\/2025\/10\/F3806851-C640-4040-856F-D288CC651A05-scaled.jpeg\" class=\"wp-block-cover__image-background wp-post-image\" alt=\"\" data-object-fit=\"cover\" srcset=\"https:\/\/ff-prebensdorf.at\/wp-content\/uploads\/2025\/10\/F3806851-C640-4040-856F-D288CC651A05-scaled.jpeg 1920w, https:\/\/ff-prebensdorf.at\/wp-content\/uploads\/2025\/10\/F3806851-C640-4040-856F-D288CC651A05-225x300.jpeg 225w, https:\/\/ff-prebensdorf.at\/wp-content\/uploads\/2025\/10\/F3806851-C640-4040-856F-D288CC651A05-768x1024.jpeg 768w, https:\/\/ff-prebensdorf.at\/wp-content\/uploads\/2025\/10\/F3806851-C640-4040-856F-D288CC651A05-1152x1536.jpeg 1152w, https:\/\/ff-prebensdorf.at\/wp-content\/uploads\/2025\/10\/F3806851-C640-4040-856F-D288CC651A05-1536x2048.jpeg 1536w\" sizes=\"auto, (max-width: 1920px) 100vw, 1920px\" \/><div class=\"wp-block-cover__inner-container is-layout-flow wp-block-cover-is-layout-flow\">\n<p class=\"has-text-align-center has-large-font-size\"><\/p>\n<\/div><\/div>\n<\/div>\n\n\n\n<div class=\"wp-block-column blog-col-2 is-layout-flow wp-block-column-is-layout-flow\" style=\"flex-basis:70%\">\n<div class=\"wp-block-group blog-col-2-inner is-layout-flow wp-block-group-is-layout-flow\" style=\"padding-top:var(--wp--preset--spacing--50);padding-right:var(--wp--preset--spacing--50);padding-bottom:var(--wp--preset--spacing--50);padding-left:var(--wp--preset--spacing--50)\"><h2 style=\"font-size:20px;font-style:normal;font-weight:700; padding-bottom:var(--wp--preset--spacing--20);margin-top:0;margin-bottom:0;\" class=\"wp-block-post-title\"><a href=\"https:\/\/ff-prebensdorf.at\/index.php\/2025\/10\/05\/t03-vu-verkehrsunfall-pkw-bergung\/\" target=\"_self\" >\u2014 T03 VU Verkehrsunfall\/PKW-Bergung \u2014<\/a><\/h2>\n\n<div style=\"font-size:14px; margin-top:0;margin-bottom:var(--wp--preset--spacing--20);\" class=\"wp-block-post-excerpt\"><p class=\"wp-block-post-excerpt__excerpt\">Am 05.10.2025 wurden wir um 13:34 Uhr zu einer PKW-Bergung auf der B54 H\u00f6he Gigerl Kurve alarmiert. Ein PKW war in den Graben gerutscht.Unsere Aufgabe war es, den PKW mittels&hellip; <\/p><\/div><\/div>\n<\/div>\n<\/div>\n\n<\/li><li class=\"wp-block-post post-508 post type-post status-publish format-standard has-post-thumbnail hentry category-einsatz category-uncategorized\">\n\n<div class=\"wp-block-columns blog-cols is-layout-flex wp-container-core-columns-is-layout-9c22b1e3 wp-block-columns-is-layout-flex\">\n<div class=\"wp-block-column blog-col-1 is-layout-flow wp-block-column-is-layout-flow\" style=\"flex-basis:30%\">\n<div class=\"wp-block-cover\" style=\"min-height:300px;aspect-ratio:unset;\"><span aria-hidden=\"true\" class=\"wp-block-cover__background has-foreground-background-color has-background-dim-10 has-background-dim\"><\/span><img loading=\"lazy\" decoding=\"async\" width=\"785\" height=\"705\" src=\"https:\/\/ff-prebensdorf.at\/wp-content\/uploads\/2025\/07\/515415039_17996512886796034_5776722878186222848_n.jpg\" class=\"wp-block-cover__image-background wp-post-image\" alt=\"\" data-object-fit=\"cover\" srcset=\"https:\/\/ff-prebensdorf.at\/wp-content\/uploads\/2025\/07\/515415039_17996512886796034_5776722878186222848_n.jpg 785w, https:\/\/ff-prebensdorf.at\/wp-content\/uploads\/2025\/07\/515415039_17996512886796034_5776722878186222848_n-300x269.jpg 300w, https:\/\/ff-prebensdorf.at\/wp-content\/uploads\/2025\/07\/515415039_17996512886796034_5776722878186222848_n-768x690.jpg 768w\" sizes=\"auto, (max-width: 785px) 100vw, 785px\" \/><div class=\"wp-block-cover__inner-container is-layout-flow wp-block-cover-is-layout-flow\">\n<p class=\"has-text-align-center has-large-font-size\"><\/p>\n<\/div><\/div>\n<\/div>\n\n\n\n<div class=\"wp-block-column blog-col-2 is-layout-flow wp-block-column-is-layout-flow\" style=\"flex-basis:70%\">\n<div class=\"wp-block-group blog-col-2-inner is-layout-flow wp-block-group-is-layout-flow\" style=\"padding-top:var(--wp--preset--spacing--50);padding-right:var(--wp--preset--spacing--50);padding-bottom:var(--wp--preset--spacing--50);padding-left:var(--wp--preset--spacing--50)\"><h2 style=\"font-size:20px;font-style:normal;font-weight:700; padding-bottom:var(--wp--preset--spacing--20);margin-top:0;margin-bottom:0;\" class=\"wp-block-post-title\"><a href=\"https:\/\/ff-prebensdorf.at\/index.php\/2025\/09\/24\/b06-brandmeldealarm\/\" target=\"_self\" >\u2014 B06 Brandmeldealarm \u2014<\/a><\/h2>\n\n<div style=\"font-size:14px; margin-top:0;margin-bottom:var(--wp--preset--spacing--20);\" class=\"wp-block-post-excerpt\"><p class=\"wp-block-post-excerpt__excerpt\">Heute sind wir um 14:22 Uhr zu einem Brandmeldealarm beim S\u00e4gewerk Pichler alarmiert worden. Nach Erkundung des Betriebsgel\u00e4ndes stellte sich ein T\u00e4uschungsalarm heraus, der durch das Steckenbleiben eines Holzst\u00fcckes in&hellip; <\/p><\/div><\/div>\n<\/div>\n<\/div>\n\n<\/li><\/ul><\/div>\n<\/div>\n<\/div>\n\n\n\n<p><\/p>\n","protected":false},"excerpt":{"rendered":"","protected":false},"author":1,"featured_media":0,"parent":0,"menu_order":0,"comment_status":"closed","ping_status":"closed","template":"","meta":{"footnotes":""},"class_list":["post-572","page","type-page","status-publish","hentry"],"_links":{"self":[{"href":"https:\/\/ff-prebensdorf.at\/index.php\/wp-json\/wp\/v2\/pages\/572","targetHints":{"allow":["GET"]}}],"collection":[{"href":"https:\/\/ff-prebensdorf.at\/index.php\/wp-json\/wp\/v2\/pages"}],"about":[{"href":"https:\/\/ff-prebensdorf.at\/index.php\/wp-json\/wp\/v2\/types\/page"}],"author":[{"embeddable":true,"href":"https:\/\/ff-prebensdorf.at\/index.php\/wp-json\/wp\/v2\/users\/1"}],"replies":[{"embeddable":true,"href":"https:\/\/ff-prebensdorf.at\/index.php\/wp-json\/wp\/v2\/comments?post=572"}],"version-history":[{"count":4,"href":"https:\/\/ff-prebensdorf.at\/index.php\/wp-json\/wp\/v2\/pages\/572\/revisions"}],"predecessor-version":[{"id":580,"href":"https:\/\/ff-prebensdorf.at\/index.php\/wp-json\/wp\/v2\/pages\/572\/revisions\/580"}],"wp:attachment":[{"href":"https:\/\/ff-prebensdorf.at\/index.php\/wp-json\/wp\/v2\/media?parent=572"}],"curies":[{"name":"wp","href":"https:\/\/api.w.org\/{rel}","templated":true}]}}